.
0
Let w(d) = 0*d**3 - 3 - d**3 + 48*d - 18*d - 25*d + 2*d**2. Give w(3).
3
Let f(o) = o. Suppose 3*n - 3*m + 12 = 0, 5*m - 6 - 17 = 2*n. Let a = n + -4. What is f(a)?
-3
Let k be (0 - 1 - 2)/(-3). Let m(b) = 2 + 4*b + 0*b**2 + k - b**2 + 0*b**2. Determine m(6).
-9
Let s(z) = 2*z**2 - z - 2. Let v be 19/(-38)*(1 - 65). Let d be v/(-14) - 4/(-14). Determine s(d).
8
Let k(s) = -s**3 - 9*s**2 + 11*s + 13. Let t be k(-10). Let o(c) = -c**3 + 2*c**2 + c + 3. Calculate o(t).
-3
Let b(y) = -y**2 + 5. Let d(m) = 15*m**2 - 1. Let w be d(-1). Suppose f + 22 = -4*r - r, w = -5*r + 3*f. Give b(r).
-11
Let v(n) = -n**2 - 9*n - 8. Let h be v(-7). Suppose 6*k + 5 + 13 = 0. Let w be h + k + 2/1. Let i(b) = -b**2 + 6*b - 1. What is i(w)?
4
Let s(i) = -i**2 + 6*i + 6. Suppose 5*o + 6 - 25 = -4*m, o - 23 = -4*m. Determine s(m).
6
Let r(n) be the first derivative of -2 + 1/24*n**5 - 2/3*n**3 + 0*n**2 + 0*n + 1/12*n**4. Let m(z) be the third derivative of r(z). What is m(-3)?
-13
Let m(r) = -3 - 4*r + 2*r - r**2 + 4*r + 3*r. Give m(5).
-3
Suppose -3*n + 4*v = 1, -2*n + 3*v = -3*n - 9. Let o be -3*2/n - 1. Let l(q) = -14*q**2 + q - 1. Give l(o).
-14
Let v(r) = -r**2 - 4*r + 5. Let w(d) = 2*d**2 + 3*d - 4. Let l(n) = -4*v(n) - 5*w(n). Give l(1).
-5
Let o(d) be the third derivative of d**4/24 + 3*d**3/2 + 2*d**2 + 5. Give o(-8).
1
Let m(s) be the first derivative of 2*s**2 + 2*s - 9. What is m(-3)?
-10
Let k(q) = -q**2 + 4*q + 4. Suppose 3*j - 4*j - 7 = 0. Let b(f) = -f**3 - 6*f**2 + 7*f + 6. Let v be b(j). What is k(v)?
-8
Let g(s) = -3*s**3 - 3*s**2 + 3*s - 5. Let w(f) = -7*f**3 - 6*f**2 + 7*f - 11. Let a(b) = -5*g(b) + 2*w(b). What is a(-3)?
6
Let j(m) = -2*m + 1. Let k = 14 + -17. Give j(k).
7
Suppose -5*l + 9 = -6. Let j(h) = -2*h**3 - 3*h**2 - 2 + h**3 - h**l + 3. Give j(-2).
5
Let n(x) = x + 9. Let b be n(-7). Let j be 7/(b*(-3)/18). Let f be (-4)/(12/j) + -3. Let r(q) = q**3 - 4*q**2 - q - 1. What is r(f)?
-5
Let o be -5 - (-2 - -1 - 4). Let d(j) be the second derivative of 1/20*j**5 + o*j**3 - 3*j - 2*j**2 + 1/3*j**4 + 0. What is d(-4)?
-4
Let u(w) = 2*w - 6. Suppose -7 = -36*v + 35*v. What is u(v)?
8
Suppose -2*d + 5 + 19 = 0. Suppose -2*l - n = 15, 4*l - n = 3*n - d. Let c(v) = -v**2 - 9*v - 3. Calculate c(l).
15
Let q = -9 - -3. Let r(t) = 6*t - 1 + 21*t**2 + 4 - 4*t**3 - 14*t**2 + 5*t**3. Give r(q).
3
Suppose 45 - 13 = 4*f. Suppose -3*k + 5*q = f, q - 5 = -1. Let z(h) be the first derivative of -h**4/4 + 5*h**3/3 - h**2/2 - 5*h + 3. Calculate z(k).
7
Suppose 3 = -o + 8, -3*w - 3*o = -18. Let g(u) be the second derivative of 3*u**3/2 + u**2/2 + 3*u. Determine g(w).
10
Let t(m) = -m + 5. Let h be t(5). Let i(y) = y + h*y + y**2 - 2*y**2 + 2*y. Give i(4).
-4
Suppose 0*a + 6 = 2*a. Let n(j) = j - 2*j**2 + 1 - 4*j + 1 + 2*j**a. Suppose 3*g - 5*s + 8 = 34, s = -4. What is n(g)?
4
Let q(r) = -2*r**2 + 2*r - 3. Let x(i) = -1. Let k(h) = -q(h) + 2*x(h). Let o(f) be the first derivative of k(f). Determine o(2).
6
Let g(z) = -z**2 + z. Let k(h) = -2*h**2 - 2*h. Let f(s) = -g(s) + k(s). Determine f(-4).
-4
Let t = -8 + 11. Let o(j) = -2*j**2 + 3 + j**2 - j**2 + 2*j. Calculate o(t).
-9
Let n(c) be the first derivative of -c**4/4 + 2*c**3/3 + 5*c**2/2 - 6*c - 2. What is n(4)?
-18
Suppose 0 = -4*n + 93 - 65. Let a(k) = -k**2 + 7*k - 5. Determine a(n).
-5
Let x(f) = -5*f + 3. Let a(v) = -v + 1. Let k(s) = -15*s + 12. Let j(r) = 6*a(r) - k(r). Let b(y) = 6*j(y) + 11*x(y). Give b(-4).
1
Let r(m) = -m - 2. Let d = -22 + 14. Let v be (2/3)/(4/78). Let t = v + d. What is r(t)?
-7
Let h(p) = 6*p**2 - p + 2764 - 2760 + p**3 - p. Give h(-6).
16
Let g(m) = 9*m + 2. Let f(s) = -s. Let y(t) = 6*f(t) + g(t). Let w be -1*(-4)/8*6. Give y(w).
11
Suppose -7 = -2*h + i + 2*i, 0 = -h + 4*i + 1. Suppose -h*r = -4*x + 7, -r - 9 - 2 = 4*x. Let q(j) = j**3 + 2*j**2 + j - 1. Calculate q(x).
-3
Let m(q) = 0 - 4*q**2 + q**2 + q**3 + 4 - 4*q. Suppose 0 = -2*b + 8. Give m(b).
4
Let z be (-1008)/98 + 2/7. Let n(t) = -t**2 - 10*t + 2. Let h be n(z). Let d(l) = 2 - 4*l + 2*l**2 + 2*l**2 - l**2. Give d(h).
6
Let x(u) = 3*u + 3*u - 10 - 5*u. Give x(7).
-3
Let f(g) = 11*g**2 - 14*g + 14. Let y(b) = 0*b**2 + 0*b**2 + 7*b**2 + 0*b**2 - 9*b + 9. Let w(h) = -5*f(h) + 8*y(h). Calculate w(3).
5
Let w(k) = -k + 1. Let v be (12/(-15))/((-5)/(-25)). What is w(v)?
5
Suppose 4*n + 0*n - 20 = 0. Let k = n - 9. Let d(w) = -w**2 - 4*w + 2. What is d(k)?
2
Let v be (-7)/(-2) - 2/4. Let u(f) = v*f**2 - 3 + 0 + 4 - 6*f + 3*f. Let h = -1 - -3. Determine u(h).
7
Let z(f) be the second derivative of -1/2*f**2 - 2*f + 1/8*f**4 - 1/3*f**3 + 0. Let t(c) be the first derivative of z(c). Determine t(3).
7
Let u(l) = l**3 - 8*l**2 + 6*l + 8. Let t be 36/5 + (-1)/5. Let h be u(t). Let a(w) be the third derivative of 7*w**5/60 + w**4/24 - w**3/6 + 2*w**2. Give a(h).
7
Let n be (-74)/(-8) - 1/4. Suppose -r - n = -0*r. Let w = -7 - r. Let u(x) = x**3 - 3*x**2 + x + 2. Determine u(w).
0
Let n(m) = -m. Let v be (-3)/5 + 3/5. Suppose -4*g + v = 16. Determine n(g).
4
Let h(u) be the second derivative of u**3/6 + 7*u**2/2 - 6*u. Let j be 4/(-2) - (2 - 6). Suppose 6 = b - 3*g, j*b = -0*b + g + 2. What is h(b)?
7
Let b(k) be the second derivative of 1/2*k**3 - 3*k - 1/2*k**2 + 0 - 1/12*k**4. Let v be ((-4)/5)/((-1)/5). What is b(v)?
-5
Let i(g) = g - 25. Let a(d) = -d + 1. Let p(b) = 2*a(b) + i(b). Calculate p(0).
-23
Let p be (5/15)/(2/18). Let k(s) = -4*s + 4. What is k(p)?
-8
Let i(c) = -3*c**2 - c**2 + 2*c + 6*c**2 - 2. Calculate i(2).
10
Let g(t) be the third derivative of t**4/8 - t**3/2 + 6*t**2. Calculate g(-3).
-12
Let x(j) be the second derivative of -j**3/6 - j**2/2 + 2*j. What is x(2)?
-3
Let b(j) = -j**3 - 4*j**2 + 2*j - 1. Suppose -5*z = -4*z - 3*m + 14, 0 = m - 2. Let s = z - -4. Calculate b(s).
-9
Suppose 0 = s + 4 - 1. Let p(m) = 4*m - 1. Give p(s).
-13
Let b(m) be the first derivative of -m**2/2 + 8*m - 2. What is b(5)?
3
Let p(f) = f + 6. Let b(c) = -1 - 5 + 2 - 3 - c. Let u(y) = -y**3 - 6*y**2 - 4*y. Let o be u(-5). Let n(q) = o*b(q) - 6*p(q). Give n(-3).
2
Let m(c) = -4*c**2 - 3 + 2*c**3 + c + 3*c + 0*c**3. Let b(v) = -v**3 - 6*v**2 + 2. Suppose -2*f - 5 = 7. Let w be b(f). Determine m(w).
5
Let a(o) = 9*o + 15. Let p(k) = 4*k + 7. Let m(n) = -2*n**2 + 7*n - 7. Let d be m(5). Let b = -15 - d. Let g(w) = b*p(w) - 3*a(w). Determine g(0).
4
Let f(c) = -c**2 - c. Let q(d) = -2*d**2 + 14*d - 11. Let v be q(6). Give f(v).
-2
Let z(g) = -g**2 + 3*g - 1. Let u(l) = 2*l**2 - 7*l + 1. Suppose -7 = 5*v - f, -4*f - 7 = -3*v - 1. Let h(k) = v*u(k) - 5*z(k). Give h(0).
3
Let r(a) = 2*a**2 - 4*a - 3. Let s(h) = -h**3 - 9*h**2 - h - 5. Let i be s(-9). Determine r(i).
13
Let a(y) be the second derivative of 7*y**3/6 + y**2 - 30*y. Calculate a(2).
16
Let o(d) = -9*d**2 - d. Let a(t) be the first derivative of t**2/2 - 7*t + 1. Suppose 6*l + 20 = 5*m + l, -5*m - 4*l = -38. Let j be a(m). Determine o(j).
-8
Let r(q) = q - 1. Let m = -66 + -6. Let x be (-4)/22 + m/(-33). Give r(x).
1
Let b(h) be the third derivative of h**6/120 + h**5/20 - h**4/6 - 2*h**3/3 + 4*h**2. Determine b(-3).
8
Let a(m) be the third derivative of -m**4/24 - m**3/6 + 3*m**2. Calculate a(4).
-5
Let i(k) be the third derivative of -5*k**4/24 + k**3/6 - 2*k**2. Let l = 3 - 5. Let r be 3*(l/3 + 1). What is i(r)?
-4
Let r(c) = c**3 + 7*c**2 + c + 2. Let m(v) = -v**2 - v. Let p(t) = -3*m(t) - r(t). Calculate p(-4).
-10
Suppose l = 5*n - 14, 8 = -3*l - 0*l - 2*n. Let s(y) = y + 9. Calculate s(l).
5
Let b(s) = -2*s**2 + 4*s - 3. Let f(o) = o**2 - 3*o + 2. Let q(c) = 2*b(c) + 3*f(c). Let p be (-2 - -2) + -2 + 3. Determine q(p).
-2
Let b(j) be the second derivative of -j**3/6 + 6*j. Determine b(-1).
1
Let c(j) be the third derivative of 2*j**5/15 + j**4/24 + j**2. Suppose -5*i + 4*l - 3 = -0*l, 2*i = l. Suppose 3*n - i = 2*n. Give c(n).
9
Let y(c) = -29*c**3 - 5*c**2 + 9*c + 5. Let x(l) = -7*l**3 - l**2 + 2*l + 1. Let u(t) = 9*x(t) - 2*y(t). Let v be (0 + 2 + -1)/(-1). Give u(v).
5
Let z(k) = -k**3 + k**2 + k - 4. Let o = 2 - 1. Suppose -5*a - o + 11 = 0. Suppose -5*p - 2*i - 2 = 0, 3*p + 4*i - 2*i + a = 0. Give z(p).
-4
Let j(l) = 3 + l**2 + 3*l - 3*l. Suppose -2*b - 5 = -q, 5*b - 15 = b - 3*q. Determine j(b).
3
Let l(h) be the second derivative of -h**4/12 + 2*h**3/